n 12261 is divided by 643.
44
Calculate the remainder when 361283 is divided by 11.
10
What is the remainder when 7360 is divided by 3648?
64
Calculate the remainder when 3680429 is divided by 78.
77
Calculate the remainder when 2305 is divided by 136.
129
Calculate the remainder when 389334 is divided by 540.
534
What is the remainder when 5716 is divided by 369?
181
Calculate the remainder when 2266 is divided by 156.
82
Calculate the remainder when 85900 is divided by 105.
10
Calculate the remainder when 11584 is divided by 3813.
145
Calculate the remainder when 78693 is divided by 539.
538
What is the remainder when 28291 is divided by 42?
25
Calculate the remainder when 4465 is divided by 438.
85
What is the remainder when 13316 is divided by 1331?
6
What is the remainder when 31583 is divided by 300?
83
What is the remainder when 126723 is divided by 25342?
13
What is the remainder when 968739 is divided by 1035?
1014
Calculate the remainder when 9987 is divided by 227.
226
Calculate the remainder when 1214805 is divided by 93446.
7
What is the remainder when 6962 is divided by 6955?
7
Calculate the remainder when 1972 is divided by 978.
16
What is the remainder when 53925 is divided by 161?
151
What is the remainder when 652516 is divided by 93216?
4
Calculate the remainder when 786898 is divided by 129.
127
What is the remainder when 3977599 is divided by 1600?
1599
Calculate the remainder when 14389 is divided by 32.
21
What is the remainder when 25110 is divided by 698?
680
What is the remainder when 67842 is divided by 67787?
55
What is the remainder when 20269 is divided by 298?
5
What is the remainder when 618240 is divided by 265?
260
What is the remainder when 117922 is divided by 193?
192
What is the remainder when 1264 is divided by 166?
102
Calculate the remainder when 7861784 is divided by 527.
525
What is the remainder when 109576 is divided by 2435?
1
Calculate the remainder when 94 is divided by 16.
14
Calculate the remainder when 3980 is divided by 1307.
59
What is the remainder when 16334789 is divided by 34?
33
Calculate the remainder when 1692 is divided by 636.
420
Calculate the remainder when 273424 is divided by 369.
364
What is the remainder when 459 is divided by 323?
136
Calculate the remainder when 6121 is divided by 185.
16
Calculate the remainder when 59915 is divided by 18.
11
Calculate the remainder when 13864 is divided by 1252.
92
Calculate the remainder when 3032943 is divided by 9.
6
Calculate the remainder when 6163 is divided by 2051.
10
Calculate the remainder when 206 is divided by 137.
69
What is the remainder when 67927 is divided by 225?
202
Calculate the remainder when 181659 is divided by 6263.
32
Calculate the remainder when 5391 is divided by 38.
33
What is the remainder when 94422 is divided by 74?
72
Calculate the remainder when 61333 is divided by 33.
19
Calculate the remainder when 16567 is divided by 16558.
9
What is the remainder when 7092 is divided by 1?
0
What is the remainder when 7033 is divided by 2030?
943
Calculate the remainder when 986 is divided by 58.
0
Calculate the remainder when 547233 is divided by 413.
8
Calculate the remainder when 696 is divided by 484.
212
What is the remainder when 526382 is divided by 14?
10
What is the remainder when 95828 is divided by 64?
20
What is the remainder when 205415 is divided by 8?
7
Calculate the remainder when 1749 is divided by 256.
213
What is the remainder when 843 is divided by 13?
11
Calculate the remainder when 8954 is divided by 12.
2
Calculate the remainder when 570801 is divided by 718.
709
Calculate the remainder when 82313 is divided by 91.
49
Calculate the remainder when 164791 is divided by 9.
1
Calculate the remainder when 2332 is divided by 1145.
42
Calculate the remainder when 40803 is divided by 1511.
6
What is the remainder when 13941 is divided by 580?
21
What is the remainder when 6896 is divided by 6890?
6
Calculate the remainder when 627 is divided by 141.
63
Calculate the remainder when 233 is divided by 225.
8
What is the remainder when 43617 is divided by 21798?
21
Calculate the remainder when 775768 is divided by 275.
268
What is the remainder when 3686 is divided by 463?
445
Calculate the remainder when 6146 is divided by 1719.
989
Calculate the remainder when 3458 is divided by 368.
146
What is the remainder when 450115 is divided by 859?
858
What is the remainder when 809928 is divided by 51?
48
What is the remainder when 815594 is divided by 21463?
0
What is the remainder when 70326 is divided by 139?
131
What is the remainder when 422772 is divided by 70459?
18
What is the remainder when 1070171 is divided by 31?
20
What is the remainder when 125222 is divided by 15652?
6
What is the remainder when 6478 is divided by 843?
577
Calculate the remainder when 119552 is divided by 65.
17
Calculate the remainder when 24890 is divided by 12436.
18
What is the remainder when 92925 is divided by 382?
99
Calculate the remainder when 167768 is divided by 902.
898
What is the remainder when 18612 is divided by 6204?
0
Calculate the remainder when 19999 is divided by 2855.
14
Calculate the remainder when 129374 is divided by 64667.
40
What is the remainder when 11604 is divided by 298?
280
Calculate the remainder when 4095 is divided by 1017.
27
Calculate the remainder when 216022 is divided by 5539.
1
Calculate the remainder when 377767 is divided by 2391.
2380
What is the remainder when 683 is divided by 40?
3
What is the remainder when 170096 is divided by 85043?
10
Calculate the remainder when 12623 is divided by 6311.
1
Calculate the remainder when 57128 is divided by 34.
8
Calculate the remainder when 30637 is divided by 48.
13
What is the remainder when 498138 is divided by 8739?
15
Calculate the remainder when 16638 is divided by 16502.
136
Calculate the remainder when 992 is divided by 245.
12
What is the remainder when 137063 is divided by 68530?
3
Calculate the remainder when 73328 is divided by 14663.
13
Calculate the remainder when 453124 is divided by 26.
22
What is the remainder when 9779 is divided by 156?
107
Calculate the remainder when 710170 is divided by 74.
66
What is the remainder when 18599 is divided by 1431?
1427
Calculate the remainder when 14447 is divided by 14394.
53
Calculate the remainder when 72281 is divided by 55.
11
Calculate the remainder when 41310 is divided by 227.
223
What is the remainder when 17302 is divided by 434?
376
Calculate the remainder when 1153 is divided by 470.
213
Calculate the remainder when 5823639 is divided by 2120.
2119
What is the remainder when 18077 is divided by 186?
35
What is the remainder when 16023 is divided by 204?
111
Calculate the remainder when 271077 is divided by 1059.
1032
Calculate the remainder when 2104 is divided by 586.
346
What is the remainder when 1453 is divided by 57?
28
What is the remainder when 3284 is divided by 12?
8
Calculate the remainder when 12097 is divided by 3008.
65
What is the remainder when 32458 is divided by 16199?
60
What is the remainder when 108905 is divided by 33?
5
What is the remainder when 6371 is divided by 6357?
14
What is the remainder when 2196 is divided by 43?
3
What is the remainder when 52266 is divided by 10?
6
Calculate the remainder when 8702 is divided by 54.
8
Calculate the remainder when 9313 is divided by 373.
361
Calculate the remainder when 500488 is divided by 1005.
1003
Calculate the remainder when 244456 is divided by 1405.
1391
Calculate the remainder when 585888 is divided by 900.
888
Calculate the remainder when 662 is divided by 249.
164
What is the remainder when 196075 is divided by 17?
14
Calculate the remainder when 2164 is divided by 19.
17
What is the remainder when 53408 is divided by 53311?
97
What is the remainder when 599 is divided by 218?
163
What is the remainder when 398404 is divided by 14755?
19
Calculate the remainder when 5638 is divided by 4809.
829
Calculate the remainder when 12860 is divided by 184.
164
Calculate the remainder when 1090 is divided by 14.
12
Calculate the remainder when 4524 is divided by 24.
12
Calculate the remainder when 14825 is divided by 7209.
407
Calculate the remainder when 4909 is divided by 99.
58
Calculate the remainder when 13103